x + 1. Calculate the remainder when 0*(0 + 1) + 23 is divided by y.
10
Let r(b) = -b**2 - 6*b - 2. Let x be r(-4). Suppose 42*j = n + 40*j - 308, -5*j - 1232 = -4*n. Calculate the remainder when 54 is divided by (n/(-33))/((-4)/x).
12
Suppose -1840*v = -1843*v + 54. Calculate the remainder when 284 is divided by v.
14
Let k(x) = -2*x**2 + 34*x + 9. Let d be k(17). Suppose -d*l = -7*l - 12. What is the remainder when 10 is divided by l?
4
Calculate the remainder when 249 is divided by 24/((-7)/(-2) - (-6)/(-4)).
9
Suppose 4*g + 5*d - 1756 = 6*d, g - 454 = 4*d. What is the remainder when g is divided by 88?
86
Let d(g) = g - 7. Let w be d(8). Let b be w*-3*(2 - 95). Suppose 5*k = 46 + b. Calculate the remainder when k is divided by 17.
14
Let q(f) = 7*f + 7*f + 5*f**2 - 4*f**2 - f + 14. Let g be q(-14). What is the remainder when (2*1)/(2/g) is divided by 10?
8
Suppose -x = -18 - 55. Let f(l) = 15*l - 71. Calculate the remainder when x is divided by f(6).
16
What is the remainder when 59 is divided by (320/(-48))/((-4)/12)?
19
Let f = 15 + 22. What is the remainder when 87 is divided by f?
13
Let x(r) = -r**2 - 6*r + 1. Suppose -b + 0*b + 39 = 0. Suppose -3*g - 3*z = -b, 53 + 18 = 3*g - 5*z. What is the remainder when g is divided by x(-3)?
7
Let f = 27 + 15. Let s(o) = o**2 + o - 2. Let p be s(2). Suppose -5*u + p + 71 = 0. What is the remainder when f is divided by u?
12
Suppose -2112 = -19*b - 29*b. What is the remainder when b is divided by 2?
0
Let w(x) = 5*x**2 + x - 3. Let y be w(1). Calculate the remainder when (y - 2 - 64)/(-1) is divided by 22.
19
Let s = 246 + -60. What is the remainder when s is divided by 37?
1
Suppose 2*q + 4*r - 40 = 0, 37 = -2*q + 4*q + 5*r. Calculate the remainder when 385 is divided by q.
21
Let h(s) = -s**2 - 20*s - 79. Let m = -8 + 10. Calculate the remainder when -62*((-3)/m + 1) is divided by h(-7).
7
Suppose 0*v = -2*v + 3*h + 42, 0 = 2*v - 4*h - 46. Let d = v - 6. Calculate the remainder when 17 is divided by d.
8
Suppose 4*m + 235 = 5*o, o + 3*o - 188 = -m. Let n = -69 + o. Let j = 75 + n. What is the remainder when j is divided by 28?
25
Let z be 2 + (-5)/25*0. Suppose -24 + 16 = -z*g. Calculate the remainder when 12 is divided by g.
0
Calculate the remainder when (-2004)/(-4) - (24 + -33) is divided by 172.
166
Suppose 278 = 35*u - 282. What is the remainder when 100 is divided by u?
4
Suppose -5*g - 3*x + x = -22, g = -x + 2. Calculate the remainder when (((-1520)/(-12))/(-10))/(16/(-24)) is divided by g.
1
Suppose 0 = 4*y + 4*s - 308, -3*y - s + 90 = -131. What is the remainder when y is divided by 19?
15
Suppose -2*a = -5*r - 135, -a + 3*r - 17 + 87 = 0. Suppose a = c + 27. Calculate the remainder when 108 is divided by c.
24
Suppose 2*a - 150 = 5*s - 127, 4*a - 4*s = 40. What is the remainder when 26 is divided by a?
8
Suppose 0 = 4*f + 20, f = -3*c + 3*f + 25. Let n(o) = 7*o**2 + 8*o - 22. Calculate the remainder when n(c) is divided by 28.
25
What is the remainder when (46 - 49) + 94*3/2 is divided by 56?
26
Let t(a) = -a**2 - 19*a + 25. Let r(w) = 2*w**2 + 38*w - 50. Let s(d) = 4*r(d) + 9*t(d). Calculate the remainder when s(-18) is divided by 22.
21
Let m = -29 - -214. What is the remainder when m is divided by 47?
44
Suppose 2*u - 2*u = 3*u. What is the remainder when 37 is divided by 39*(u + 6/18)?
11
Suppose -5*a - q = -243, -5*a - 5*q + 92 = -143. Suppose 3*m = 4*m - 3*t - 22, 5*m - t - 54 = 0. Calculate the remainder when a is divided by m.
9
Suppose 97 = 5*x + 4*l, x - 2*x = 4*l - 29. Suppose 0 = -3*m + m + 22. Calculate the remainder when x is divided by m.
6
Let q(r) = 2*r**3 + 8*r**2 - 3*r + 1. Let z be q(-7). Let v be z/6*9/(-6). Let a = v - 45. Calculate the remainder when a is divided by 8.
7
Suppose 12*u - 111 = -27. What is the remainder when (-24)/10*20/(-3) is divided by u?
2
Let a = 7 - 6. Suppose 5*d + 4*y - 6*y - 125 = 0, -d + 37 = 2*y. Calculate the remainder when 0/(-3) + 107/a is divided by d.
26
Suppose 4*o + 252 = -0*o - 4*n, 4*o + 267 = n. Calculate the remainder when o/22*38/(-6) is divided by 7.
5
What is the remainder when (-80)/12*(-384)/20 is divided by 26?
24
Let q(u) = -u**2 - 12*u + 9. Let o(y) = 3*y**2 + 35*y - 27. Let d(j) = -4*o(j) - 11*q(j). What is the remainder when 76 is divided by d(-7)?
12
Let t(m) be the first derivative of m**2/2 + 20*m + 10. Calculate the remainder when 57 is divided by t(0).
17
Suppose -7 = -5*d - t, 4*d + 5*t + 0*t = -7. Suppose -d*u = 3 - 9. Calculate the remainder when 17 is divided by u.
2
Let v = 8 + 44. Let g = v - 43. Calculate the remainder when 14 is divided by g.
5
Let s(q) = -2*q - 3. Let l be s(2). Calculate the remainder when (-276)/l - (-18)/(-42) is divided by 5.
4
Let q(f) = -f**3 + 5*f**2 + 5*f + 10. Let o be q(5). Let a = o + -17. What is the remainder when 65 is divided by a?
11
Let k(f) = -2*f - 2. Let y = -172 - -183. Suppose o - 1 = y. Calculate the remainder when o is divided by k(-5).
4
Let m(u) = 2*u**3 + u**2 + 2*u - 1. Let n = 6 - -2. Let p = n + 0. Calculate the remainder when m(2) is divided by p.
7
Suppose 49 = 6*r - 89. Calculate the remainder when r is divided by 8.
7
Suppose 19*h - 12*h - 252 = 0. Calculate the remainder when 150 is divided by h.
6
What is the remainder when (-2)/(-12) - -15*657/162 is divided by 39?
22
Suppose 57*m - 14210 = 28483. Calculate the remainder when m is divided by 30.
29
Suppose -5*q + 15 = 0, 0 = -2*d + 8*q - 6*q + 28. Calculate the remainder when d is divided by (-2)/(-4)*4 + 8.
7
Suppose 11*a = 14*a - 93. Let g(z) = 12*z**2 + 2*z - 1. Let s be g(2). Let w = s - a. Calculate the remainder when w is divided by 11.
9
Suppose -4*l - 2 = 3*z, 4*z + 5*l - 2*l = 9. Suppose 4*p = -4*i + 56, -3*i + z*i - 32 = -2*p. Calculate the remainder when 28 is divided by p.
8
Let l = 133 - 148. Calculate the remainder when (-2661)/l + (-2)/5 is divided by 9.
6
Suppose 8*n - 3*n + 5 = -4*r, 3*r = -2*n - 2. Suppose -19*m - 18 = -417. What is the remainder when m is divided by 4 - 5 - (-11 + n)?
10
Suppose -2*v + 8 = -v. Suppose v - 2 = -3*h. What is the remainder when (9 + -11)/(h/40) is divided by 14?
12
Suppose 11*p + 252 = 17*p. What is the remainder when 22 is divided by 2/((0 - -1)*12/p)?
1
Suppose 0 = -f + 4*a + 44, 143 = 4*f - a + 72. What is the remainder when f is divided by (0 - (-2 - -1)) + 2?
1
Let x(o) = -3 + 6 - 3 + 10*o. Let w be x(2). Suppose 48 = -2*m + 5*m - 3*d, 2*d - w = -2*m. Calculate the remainder when 48 is divided by m.
9
Let j(a) = -4*a + 90. Calculate the remainder when j(15) is divided by 8.
6
Let h = -28 + 30. Suppose -5*c = 0, -2*c = h*l - 6*c - 30. Let q = 56 - 0. Calculate the remainder when q is divided by l.
11
Suppose 0 = 2*a + 4*a. Suppose 4*t - 28 = -a. Suppose t*p - 111 = 2*p + m, 5*m + 27 = p. What is the remainder when 86 is divided by p?
20
Calculate the remainder when 75 is divided by (-2892)/(-39) - 10/65.
1
Let z = -289 + 399. What is the remainder when z is divided by 28?
26
Suppose -375 = 10*o - 75. Calculate the remainder when 1/(-2)*o + 24/(-6) is divided by 4.
3
Suppose -3*z - 98 + 110 = 0, 3*z - 224 = -4*t. Calculate the remainder when t is divided by 8.
5
Let r(v) = -v**3 + 2*v**2 + 9*v - 12. Let f be r(4). Let k(m) = -7*m + 7. Calculate the remainder when k(f) is divided by 33.
30
Suppose -3*v = 26 - 134. Calculate the remainder when 101 is divided by v.
29
Let b(u) = 6 + 11*u**2 - u**3 - 11 - 3*u**2 - 8*u + 5*u**2. What is the remainder when b(12) is divided by 23?
20
Suppose 37*g = -282 + 1096. Calculate the remainder when 22 is divided by g.
0
Suppose 36 = 3*u - 57. Suppose -76 - 26 = -6*s. What is the remainder when u is divided by s?
14
Let n(v) be the third derivative of -v**4/24 + 5*v**3/3 - 4*v**2. What is the remainder when n(-9) is divided by 1*7*(-5 + 6)?
5
Let w = -174 - -177. Calculate the remainder when 13 is divided by w.
1
Let w be -2 + 21 + (-4 - -1). Suppose w*q + 21 = 17*q. What is the remainder when q is divided by 150/14 + (-4)/(-14)?
10
Suppose -p + 3 - 1 = 0. Suppose 5*m + p*w - 115 = 7*w, -3*w + 6 = 0. Calculate the remainder when m is divided by 13.
12
Let m(d) = -d**2 + d + 48. Suppose 0 = 96*v - 1676 + 332. Calculate the remainder when m(0) is divided by v.
6
Let d(y) = -y**3 - 9*y**2 + 5*y + 7. Let i be d(